 remainder when f(2) is divided by (27/15 + -1)*c?
15
Suppose 6*h - 156 = 426. What is the remainder when h is divided by 13?
6
Suppose 3*k - k - 10 = 0. Let r = -1 + k. What is the remainder when 6 is divided by r?
2
Suppose -20 + 6 = -2*r. Suppose 2*c + 2*c = 4. Calculate the remainder when r is divided by 1*12/3 - c.
1
What is the remainder when 462/63 - 2/(-3) is divided by 2?
0
Let k(i) = -i**3 + 4*i**2 - i - 2. Let o be k(2). Suppose 6*x + 4 = o*x. Calculate the remainder when 65 is divided by (-2)/x + (-21)/(-1).
21
Suppose -y = -6*y + 10. Suppose y*o - 102 = -o. Calculate the remainder when o is divided by 9.
7
Suppose -w - 3 = 0, -4*w - 65 = -4*t - w. Calculate the remainder when t is divided by -4*(-3)/(12/5).
4
Let u = -10 + 14. Calculate the remainder when 17 is divided by u.
1
Suppose 6 = 5*o - 3*o. Let m(h) = 4 + 3*h**2 - 3*h + 5*h**2 - 3*h**2 - h**o. Calculate the remainder when 22 is divided by m(4).
6
Calculate the remainder when 7 is divided by -4*5*(-5)/20.
2
Let j = -22 - -36. Let w = 18 - j. What is the remainder when 15 is divided by w?
3
Let c = -17 - -24. Suppose 2*z = -4*z. Suppose 4*q - 47 = -m, -m - m + 2*q + 44 = z. Calculate the remainder when m is divided by c.
6
Let v(d) = 6*d - 34. Let c(m) = -m + 10. Calculate the remainder when v(6) is divided by c(8).
0
Let n(r) = 4*r + 2*r + 2*r - 6*r + 1. Let h(u) = 4*u**2 + 2*u - 1. Calculate the remainder when h(2) is divided by n(3).
5
What is the remainder when 30 is divided by (-3)/(-7) + -1 + (-3900)/(-210)?
12
Suppose -44 - 16 = -2*m. Calculate the remainder when m is divided by (-2 + 1/1)*-16.
14
Let u(r) = -6 - 10*r + 4 + 5. What is the remainder when u(-3) is divided by 17?
16
Let x(v) = v - 37. Let w be x(0). Suppose -203 + 14 = 3*m. Let f = w - m. Calculate the remainder when f is divided by 14.
12
Suppose -4*o = -5*a - 12, 3*a - 2*o = a - 6. What is the remainder when 6 is divided by (a + 4/4)*4?
2
Let j(c) = c + 1. Let x(d) = 12*d + 3. Let r(i) = -3*j(i) - x(i). Calculate the remainder when r(-3) is divided by 14.
11
Let j(o) = o**2 + 3*o + 2. Let b = 5 + -3. What is the remainder when b is divided by j(-3)?
0
Let i(u) = 4*u + 3. Let m be i(-6). Let t be (-2)/4 - m/6. Suppose q = t*b - 0*b - 117, 0 = -2*b + 2*q + 78. Calculate the remainder when b is divided by 10.
9
Let s = 70 + -50. What is the remainder when 56 is divided by s?
16
Let j(x) be the first derivative of x**4/4 - 3*x**3 + 4*x**2 - 11*x - 2. What is the remainder when j(9) is divided by 21?
19
Let b = 15 + -3. What is the remainder when 33 is divided by b?
9
Suppose y - 12 = -2*y. Calculate the remainder when 14 is divided by (108/y)/3 - 1.
6
Let v = -68 - -90. What is the remainder when v is divided by 12?
10
Calculate the remainder when 76 is divided by (-12)/(-10)*(-645)/(-86).
4
Suppose 4*a + 3 - 15 = 0. Let v = a + -1. Calculate the remainder when -3*(-8)/6 + 1 is divided by v.
1
Let y = 5 + 22. Let h(m) = 2*m + 2. Let u be h(9). Suppose -2*k = -u - 8. What is the remainder when y is divided by k?
13
Let h(l) = -3*l + 1. Let b be h(-1). Suppose -v = b*d - 5, -5*d = 4*v - 2 + 4. What is the remainder when d is divided by 2/3 - 6/(-18)?
0
Let p be (-14)/(-8) - (-5)/20. Suppose p*r + 19 = v, v + 3*r - 25 = 7*r. Calculate the remainder when 38 is divided by v.
12
Let g = 68 + -42. Calculate the remainder when 102 is divided by g.
24
Let u be 2 + (-429 - 9/3). Calculate the remainder when u/(-14) - 2/(-7) is divided by 11.
9
Let k(t) = -t**2 + 4*t - 2. Let b(l) = -2*l**2 + 7*l - 5. Let m(g) = -4*b(g) + 7*k(g). What is the remainder when 16 is divided by m(0)?
4
Let b(s) = -s + 13. Calculate the remainder when b(-13) is divided by 7.
5
Let o be (-3 + 2)*(-33 - 1). Suppose -4*v + 4*k = -o + 14, k = 2. Calculate the remainder when ((-1)/(-3))/((-1)/(-39)) is divided by v.
6
Suppose 3*b - 317 + 92 = 0. Calculate the remainder when b is divided by 13.
10
What is the remainder when (-4)/(-1)*25 + 1 is divided by 21?
17
Let b = 79 - 55. What is the remainder when 95 is divided by b?
23
Let z(q) = -q**2 - 4*q + 1. Let n(v) = -4*v - 2. What is the remainder when n(-3) is divided by z(-3)?
2
Suppose -4*t = -44 - 4. Let j(q) = 2*q**2 + 2*q - 5. What is the remainder when j(4) is divided by t?
11
Suppose -6*o + 2*o - 20 = 0. Let j = 5 + o. Suppose j = 3*i - 1 - 5. Calculate the remainder when 5 is divided by i.
1
Let b = -59 - -107. Let k = 1 - -24. What is the remainder when b is divided by k?
23
Let r be (-22)/(-4) - 1/2. Suppose 0 = -r*z - 85 + 15. Let u = z - -43. Calculate the remainder when u is divided by 10.
9
Let p = -2 + 8. Let v be 3/p + (-36)/(-8). Suppose 3*q = -v + 38. Calculate the remainder when q is divided by 3.
2
Let t = 0 - -5. What is the remainder when 5 + 0 + (-32)/(-8) is divided by t?
4
Let x(p) = p**3 + 11*p**2 - p - 13. What is the remainder when x(-6) is divided by 25?
23
Let o(n) = 2*n**2 + 29*n - 37. What is the remainder when 41 is divided by o(-16)?
8
Suppose 0 = 2*l + 1 - 21. Calculate the remainder when l is divided by 3.
1
Suppose 0 = h + 9*h - 110. What is the remainder when h is divided by (-2)/((-2)/1)*6?
5
Let u = -4 - -8. What is the remainder when u is divided by 1?
0
Let p(f) = -f**2 - 4*f - 1. Let g be p(-2). Suppose g*k = -k + 96. What is the remainder when k is divided by 13?
11
Let f = -6 - -10. Suppose o = -f*o + 70. Calculate the remainder when 10*(-2 - (-3 + (-9)/3)) is divided by o.
12
Let s = 10 + 6. Calculate the remainder when 54 is divided by s.
6
Let w(s) = 17*s**2 - 2*s. Calculate the remainder when 46 is divided by w(-1).
8
Let m = 2 + -2. Let a(y) = -y**3 + 3. Let k be a(m). Suppose 34 + 24 = 4*f - k*c, -2*f - 4*c = -18. What is the remainder when 25 is divided by f?
12
Suppose 0 = -b + 4*b - 5*o - 53, 5 = -b - 4*o. Calculate the remainder when 5*(-4 - 205/(-25)) is divided by b.
10
Let s(x) be the first derivative of -x**3/3 + 5*x**2 - 6*x + 2. Calculate the remainder when 18 is divided by s(8).
8
Suppose -5*i + 395 = 2*t + 135, 0 = -3*i - 3*t + 165. Suppose n = 4*o + i, 0 = 3*n + o - 0*o - 189. Calculate the remainder when n is divided by 13.
10
Let j(x) = x**2 + x. Let z be j(-2). Suppose z*m - 7*m = -40. What is the remainder when m is divided by 3?
2
Let l = 14 + -7. Suppose -l*z - 81 = -5*u - 3*z, 3*u - 3*z - 51 = 0. What is the remainder when 75 is divided by u?
10
Let p(a) = -a**3 - 11*a**2 - 10*a + 10. Let j be p(-10). Suppose 0 = -5*d - 46 - 29. Calculate the remainder when 5 is divided by (-14)/(-6) - j/d.
2
Let t(c) = 4*c - 1. What is the remainder when 41 is divided by t(3)?
8
Suppose -2*k - 5*c = -65, 0 = -3*k + 5*c + 72 + 88. Calculate the remainder when k is divided by 12.
9
Let a be (6/4)/((-4)/8). Let z(y) be the third derivative of y**5/60 + y**4/24 - y**3/6 + 2*y**2. What is the remainder when z(a) is divided by 2?
1
Let d be 5*-1*6/(-15). Let w = 5 - -11. Calculate the remainder when (2/8)/(d/376) is divided by w.
15
Suppose -5*g = -2*i + 36 - 12, 0 = 2*i + 5*g + 16. Calculate the remainder when 7 is divided by i.
1
Let k(t) = 2*t - 16. Let m(l) = l - 8. Let c(v) = -4*k(v) + 7*m(v). Let w = -5 + -1. What is the remainder when c(w) is divided by 8?
6
Let g(m) = 3*m**2 - 2*m - 3. What is the remainder when 51 is divided by g(-2)?
12
Let b(a) = -a**3 + 9*a**2 - 13*a. Calculate the remainder when 41 is divided by b(7).
6
Let u = -11 + 38. What is the remainder when 80 is divided by u?
26
Calculate the remainder when 4/(4/(-19))*-1 is divided by (-4*2)/(-4) + 9.
8
Suppose 3*a + 4*l - 3*l - 19 = 0, 3*l + 9 = 2*a. Calculate the remainder when a is divided by -3 + 3 - (-4)/1.
2
Let h = 38 + -20. What is the remainder when h is divided by 5?
3
Let l(p) = p**3 + 3*p**2 - 2*p - 3. Let k be l(-3). Suppose -2*b = k*b - 220. What is the remainder when b is divided by 15?
14
Let a = 158 + -34. What is the remainder when a is divided by 25?
24
Let y(x) = x**2 + x + 3. Suppose -5 = -n - 0. Calculate the remainder when y(n) is divided by 9.
6
Let w(n) = -n**3 - 10*n**2 - 4*n + 9. Let x be w(-9). Calculate the remainder when 3/(-4) - 1359/x is divided by 13.
11
Let w(f) = 13*f + 7. Let x(p) = -13*p**3 + 2*p + 1. What is the remainder when w(3) is divided by x(-1)?
10
Suppose -1 = -w - 6, -79 = -3*i + 5*w. Calculate the remainder when 71 + 1 + 1